the prime factors of y(s)?
53
Suppose -2998050 = -383*t + 328*t. What are the prime factors of t?
2, 3, 5, 23, 79
Let o = -805 - -825. Suppose -29620 = -0*d - o*d. What are the prime factors of d?
1481
List the prime factors of -3661*(-4 + 3)*1/1.
7, 523
What are the prime factors of (60 + -123)/(3/(-484))?
2, 3, 7, 11
Let p(c) = -c**3 + 44*c**2 + 5*c - 29. What are the prime factors of p(15)?
6571
Let w be (-62)/(-14) - (-12)/21. Suppose -w*r - 5*j + 73 = -3*j, -40 = -3*r - 5*j. List the prime factors of 4 - 1 - (-49 + r).
37
Let i = -5 + 19. Let y = i - -6. What are the prime factors of ((-10)/y)/((-1)/44)?
2, 11
Suppose 118*q - 72*q - 31694 = 0. What are the prime factors of q?
13, 53
Let b = 20446 + -7640. List the prime factors of b.
2, 19, 337
Let t = -5 - -455. Suppose -10*f - 2*f - 30*f + 84 = 0. Suppose g - t = -f*g. What are the prime factors of g?
2, 3, 5
What are the prime factors of ((-1)/(1/8) + -23494)/(-3)?
2, 3917
Let v(g) = 2762*g**2 + 1893*g + 9461. What are the prime factors of v(-5)?
2, 19, 23, 79
Suppose 65*j + 558 = 67*j. Suppose -6*d + 10*d = 5*y - 467, -3*y + 3*d + j = 0. Suppose -y = -g + 44. What are the prime factors of g?
139
Suppose -3*s - t + 512 = 0, -696 = -4*s - 40*t + 42*t. Let b be 0 + 1 + 127 + 1. Suppose -3*f + b = x, x - 5*x + s = 4*f. List the prime factors of f.
43
List the prime factors of 7428/9*180/40.
2, 3, 619
Let t = 485 + 324. Suppose -5*z - i + 1777 = 0, -4*z + 5*i + 630 = -t. List the prime factors of z.
2, 89
Suppose -3*f + 51017 = 4*v, -3*v - f + 3*f + 38267 = 0. List the prime factors of v.
5, 2551
Suppose -3*a - 3*z + 75 = -1911, 5*a = 3*z + 3310. Let p = a + 19. What are the prime factors of p?
3, 227
Suppose -46*l - 3*j + 220949 = -42*l, 2*l - 110507 = 5*j. What are the prime factors of l?
37, 1493
Let f be (-3)/((-6)/(-46)*(-2)/4). Suppose s + p = 4*s - f, -2*s - p + 34 = 0. Suppose 0 = s*h - 20*h + 796. List the prime factors of h.
199
Suppose 127*d - 132*d = -40. Let h(p) = 47*p + 12. List the prime factors of h(d).
2, 97
Suppose -2*r + 31 - 25 = 0. Let v(l) = -11*l + l**3 + 7 - r*l**2 + 2*l + 3 - 3. List the prime factors of v(6).
61
Let i be 0/3 + (-13218 - (-5 + 4)). List the prime factors of 20/(-150) + i/(-15).
881
Suppose -5*b = 3*l + 58, 4*b + 13 = 3*b - 2*l. Let g(q) = q**3 + 16*q**2 - 5*q + 2. List the prime factors of g(b).
2, 331
Let v = 166 - 67. What are the prime factors of ((v/(-12))/3)/((-1)/172)?
11, 43
Let s(b) = -68*b + 1487. List the prime factors of s(-38).
3, 23, 59
Suppose 5*z + 4 + 4 = -2*h, 0 = 4*h + 3*z - 12. Suppose h*d + 1116 = 10*d. List the prime factors of d.
3, 31
Suppose 5*t - 44438 + 13303 = 0. List the prime factors of t.
13, 479
Let q be (5 + (-177)/21)/(4/(-14)). Suppose 4*x - q = x. Suppose x*z - 5*c = 121, 2*z = -z - 5*c + 47. List the prime factors of z.
2, 3
Let v = -79 + 82. Suppose 2*y - 4*q + 7 = 29, -v*q - 9 = 0. Suppose -3*o + 598 = -y*n, 142 = -2*o + 3*n + 541. What are the prime factors of o?
3, 67
Suppose b + 4*b + 35 = 0. Let m(t) = -2*t - 10. Let a be m(b). Suppose 0 = a*f - f - 183. List the prime factors of f.
61
Let q = -83 - -87. List the prime factors of 2 - ((-95)/(-4))/(q/(-16)).
97
Let k(q) be the second derivative of 0 + 9/2*q**2 + 1/6*q**3 + 13*q. What are the prime factors of k(3)?
2, 3
Let g = -13 + 24. Suppose g*h = 7*h - 40. Let m(p) = -12*p - 35. List the prime factors of m(h).
5, 17
Suppose 5*w = -2*z + 52, -9*z - 54 = -5*w - 13*z. Let p(t) = -9*t - 8*t**2 + t**3 - 8*t + 3*t + 4. List the prime factors of p(w).
2
Let j = 2179 + 3790. What are the prime factors of j?
47, 127
Let v(h) = 2*h**3 + 6*h**2 + 2*h - 6. Let u be v(-7). Let x = u + 639. List the prime factors of x.
227
Suppose -2*v - 9158 = -5*c + 13256, 5*c = 5*v + 22420. List the prime factors of c.
2, 3, 83
Suppose 2*y - 118 = 2*f, 0 = -2*y + 7*f - 4*f + 118. Let o = y - -67. What are the prime factors of o?
2, 3, 7
Let d = -342 - -351. Suppose -16*x - d*x + 475 = 0. What are the prime factors of x?
19
Suppose 4*v + 7 = -5*z + 233, v + 3*z - 53 = 0. Suppose 103 + v = 2*g. Suppose -2*w = -2, 3*w + g = 3*i - 150. What are the prime factors of i?
2, 3, 13
Let u(a) = 6*a**2 - 24*a - 504. What are the prime factors of u(-12)?
2, 3
Suppose 3 = -2*y + 9. Suppose y*m - 10 = -4. Suppose 4*r = -2*c + 146, -m*r + 3*c - c + 82 = 0. What are the prime factors of r?
2, 19
Suppose 55*o + 176 = 51*o. Let t = -114 - -56. Let s = o - t. List the prime factors of s.
2, 7
Let k = -130 + 143. Suppose k*l = 11*l + 1958. List the prime factors of l.
11, 89
Suppose -52*j + 57*j = -110. Let g(l) = -l**3 - 24*l**2 - 48*l + 33. What are the prime factors of g(j)?
11
Suppose c + 3*p - 16255 = 0, 2*p - 9728 - 6534 = -c. What are the prime factors of c?
2, 13, 313
Let h be 76/6 + 6/(-9). Let g = 14 - h. Suppose g*b = 5*s - 645, 5*s = 4*b + 566 + 69. What are the prime factors of s?
131
Let v = -107 - -79. List the prime factors of 46/(-92)*(v - 0).
2, 7
Let t be -11 + (0 - -1)/(2/6). What are the prime factors of 2*(-835)/(-40) - 2/t?
2, 3, 7
Suppose -13*n + 383 = 58*n + 170. Let i be ((-487)/(-1) + 2)/1. Suppose -6*l + i = -n*l. What are the prime factors of l?
163
What are the prime factors of 5 + (-18 - -14472) - -17?
2, 7, 11, 47
Let i = -5923 - -8569. What are the prime factors of i?
2, 3, 7
Let p = 149289 + -88463. What are the prime factors of p?
2, 17, 1789
Let g = 23484 + -13760. What are the prime factors of g?
2, 11, 13, 17
Suppose -3*o - 13*s + 8*s - 31 = 0, -3*o = -3*s - 9. What are the prime factors of 54/3*(o - -27)?
2, 3, 5
List the prime factors of (1296/45)/24*(1 + 14313/2).
3, 7, 409
Let u be 1*(-5 - 0)*26/(-65). What are the prime factors of 24/(u/4*18/342)?
2, 3, 19
Let y(j) = -2*j + 19. Let s be y(12). List the prime factors of (-1 - 2) + 29 + 449 - s.
2, 3, 5
Let y(q) = q**2 - 2*q + 50. Let z be y(0). Let p = -28 + z. Suppose 1125 = -13*v + p*v. List the prime factors of v.
5
Let h be 331/((-2 + (-3)/(-2))*-2). Let m = 467 - h. Suppose -4*y - 2*n - n = -220, 0 = -2*y + 5*n + m. What are the prime factors of y?
2, 29
Let p = -144 - -151. Suppose p*t + 728 = 9*t - 2*w, 0 = -t - w + 374. What are the prime factors of t?
3, 41
Suppose 0 = -12*z - 39 - 57. List the prime factors of ((-6)/3)/(z/2180).
5, 109
Suppose -3*t - 5*i + 778 = 0, -774 = -3*t - 2*i - i. Let s(l) = l**2 + 24*l - 17. Let x be s(-17). Let p = t + x. What are the prime factors of p?
2, 3, 5
Let t(u) = -u**3 - 14*u**2 - 3*u - 13. Let r(l) = -l**3 + 12*l**2 + 11*l + 12. Let p be 0 + 10 + (-3)/2*-2. Let i be r(p). What are the prime factors of t(i)?
29
Let w = -105234 - -149276. List the prime factors of w.
2, 19, 61
Let g be (-24)/(-8) + (-3)/1. Suppose -9*h + 6369 - 1698 = g. List the prime factors of h.
3, 173
Let o be 0*1/18*6. Suppose 5*x - 232 - 413 = o. List the prime factors of x.
3, 43
Let t = -10830 + 26087. List the prime factors of t.
11, 19, 73
Suppose -j + 2 = 0, 2*y - j + 9 = -13. Let f be (-141)/21 + (-5)/((-175)/y). What are the prime factors of (-6)/15 + f/(35/(-22))?
2
Suppose -4*h = -2*g + 378, -4*h - 473 = h - 3*g. Let l(o) = -3*o**3 - o**2 + 7*o + 6. Let m be l(-4). Let q = h + m. What are the prime factors of q?
2, 3, 5
What are the prime factors of -32 + 3442 + (4 - 0)?
2, 3, 569
Let n(o) = 2*o**2 + 6*o + 24 + 10*o - 21. Let a be n(-12). Suppose 0 = 5*i + a - 1499. What are the prime factors of i?
2, 5, 7
Suppose 5689 = 4*i + 1858 - 10405. What are the prime factors of i?
3559
Let a be 12*(3 - (2 - -2)). Let k be 9/a - (-1980)/16. Suppose 4*m - 49 - k = 0. List the prime factors of m.
43
Let z(c) = 58*c + 6. Let q = -52 + -40. Let j = 94 + q. List the prime factors of z(j).
2, 61
Suppose 373*a = 422*a - 537677. What are the prime factors of a?
10973
Let g(q) = 7*q + 86. Let d be g(3). Suppose n = -0*n + 4*f + 222, 3*n - 3*f - 657 = 0. Let i = n - d. List the prime factors of i.
3, 37
Suppose -45*h + 134988 + 553377 = 0. List the prime factors of h.
3, 5099
Suppose -23*w = -14839 - 23479. List the prime factors of w.
2, 7, 17
Let d(l) be the third derivative of -15*l**4/4 + 2*l**3 + 83*l**2. List the prime factors of d(-1).
2, 3, 17
List the prime factors of 47877 + ((-3611)/471 - 2/(-3)).
2, 5, 4787
Let p be (1/2)/((-2)/20) + 7. Suppose 6870 = -p*u + 17*u. List the prime factor